{"id":272,"date":"2025-04-22T09:21:42","date_gmt":"2025-04-22T07:21:42","guid":{"rendered":"https:\/\/festivalnahradbach.cz\/?page_id=272"},"modified":"2025-08-20T12:48:24","modified_gmt":"2025-08-20T10:48:24","slug":"program-2025","status":"publish","type":"page","link":"https:\/\/festivalnahradbach.cz\/?page_id=272","title":{"rendered":"Program 2025"},"content":{"rendered":"\n<figure class=\"wp-block-image aligncenter size-large\"><img loading=\"lazy\" decoding=\"async\" width=\"719\" height=\"1024\" src=\"https:\/\/festivalnahradbach.cz\/wp-content\/uploads\/2025\/08\/hradby-25-program-1-719x1024.jpg\" alt=\"\" class=\"wp-image-292\" srcset=\"https:\/\/festivalnahradbach.cz\/wp-content\/uploads\/2025\/08\/hradby-25-program-1-719x1024.jpg 719w, https:\/\/festivalnahradbach.cz\/wp-content\/uploads\/2025\/08\/hradby-25-program-1-211x300.jpg 211w, https:\/\/festivalnahradbach.cz\/wp-content\/uploads\/2025\/08\/hradby-25-program-1-768x1094.jpg 768w, https:\/\/festivalnahradbach.cz\/wp-content\/uploads\/2025\/08\/hradby-25-program-1-1079x1536.jpg 1079w, https:\/\/festivalnahradbach.cz\/wp-content\/uploads\/2025\/08\/hradby-25-program-1-1438x2048.jpg 1438w, https:\/\/festivalnahradbach.cz\/wp-content\/uploads\/2025\/08\/hradby-25-program-1-scaled.jpg 1798w\" sizes=\"auto, (max-width: 719px) 100vw, 719px\" \/><\/figure>\n\n\n\n<p class=\"has-text-align-center has-medium-font-size\" style=\"padding-right:var(--wp--preset--spacing--xx-large);padding-left:var(--wp--preset--spacing--xx-large)\">Daoir\u00ed Farrel(IRL) <br>Gl\u00f3r(PL)<br>Crann(DE\/CZ)<br>Petr K\u016fs a F\u00e1my(CZ). <br>Bu\u017ema a Ptaszek(CZ) <br>Milo\u0161 Dvo\u0159\u00e1\u010dek(CZ)<br>Pavel \u010cadek(CZ) <br>Laridenn(CZ) <br>Shantymann(CZ)<\/p>\n\n\n\n<figure class=\"wp-block-image size-full\"><img loading=\"lazy\" decoding=\"async\" width=\"9848\" height=\"14024\" src=\"https:\/\/festivalnahradbach.cz\/wp-content\/uploads\/2025\/04\/hradby-25.jpg\" alt=\"\" class=\"wp-image-274\"\/><\/figure>\n","protected":false},"excerpt":{"rendered":"<p>Daoir\u00ed Farrel(IRL) Gl\u00f3r(PL)Crann(DE\/CZ)Petr K\u016fs a F\u00e1my(CZ). Bu\u017ema a Ptaszek(CZ) Milo\u0161 Dvo\u0159\u00e1\u010dek(CZ)Pavel \u010cadek(CZ) Laridenn(CZ) Shantymann(CZ)<\/p>\n","protected":false},"author":1,"featured_media":0,"parent":0,"menu_order":0,"comment_status":"closed","ping_status":"closed","template":"full-width","meta":{"footnotes":""},"class_list":["post-272","page","type-page","status-publish","hentry"],"_links":{"self":[{"href":"https:\/\/festivalnahradbach.cz\/index.php?rest_route=\/wp\/v2\/pages\/272","targetHints":{"allow":["GET"]}}],"collection":[{"href":"https:\/\/festivalnahradbach.cz\/index.php?rest_route=\/wp\/v2\/pages"}],"about":[{"href":"https:\/\/festivalnahradbach.cz\/index.php?rest_route=\/wp\/v2\/types\/page"}],"author":[{"embeddable":true,"href":"https:\/\/festivalnahradbach.cz\/index.php?rest_route=\/wp\/v2\/users\/1"}],"replies":[{"embeddable":true,"href":"https:\/\/festivalnahradbach.cz\/index.php?rest_route=%2Fwp%2Fv2%2Fcomments&post=272"}],"version-history":[{"count":7,"href":"https:\/\/festivalnahradbach.cz\/index.php?rest_route=\/wp\/v2\/pages\/272\/revisions"}],"predecessor-version":[{"id":293,"href":"https:\/\/festivalnahradbach.cz\/index.php?rest_route=\/wp\/v2\/pages\/272\/revisions\/293"}],"wp:attachment":[{"href":"https:\/\/festivalnahradbach.cz\/index.php?rest_route=%2Fwp%2Fv2%2Fmedia&parent=272"}],"curies":[{"name":"wp","href":"https:\/\/api.w.org\/{rel}","templated":true}]}}